{"id":283881,"date":"2025-08-04T10:46:44","date_gmt":"2025-08-04T08:46:44","guid":{"rendered":"https:\/\/www.meetingrimini.org\/?post_type=book&#038;p=283881"},"modified":"2025-08-23T21:40:08","modified_gmt":"2025-08-23T19:40:08","slug":"il-folle-di-dio-alla-fine-del-mondo","status":"publish","type":"book","link":"https:\/\/www.spreaker.com\/episode\/67490313","title":{"rendered":"Il folle di Dio alla fine del mondo"},"content":{"rendered":"<p>\u00abEcco un folle senza Dio che insegue il folle di Dio fino alla fine del mondo\u00bb. Da questo attacco folgorante prende avvio un libro unico, che nessuno finora aveva avuto l&#8217;opportunit\u00e0 di scrivere. Il \u00abfolle senza Dio\u00bb \u00e8 uno scrittore ateo e anticlericale, che si definisce laicista militante, mosso dal desiderio di parlare a tu per tu con papa Francesco, il \u00abfolle di Dio\u00bb, come amava definirsi anche il santo di cui ha scelto il nome. Ma oltre che unico, perch\u00e9 mai il Vaticano aveva aperto le sue porte a uno scrittore con tanta generosit\u00e0, questo \u00e8 un libro di notevole profondit\u00e0, il racconto magistrale e personale che scaturisce dalla penna di un grande autore: quasi un thriller su quello che \u00e8 il pi\u00f9 antico mistero della storia dell&#8217;umanit\u00e0. \u00c8 vero che esiste la vita dopo la morte? Nella forma narrativa che lo ha reso celebre, quella del \u00abromanzo senza finzione\u00bb, Javier Cercas cerca una risposta alla domanda che nessuno pu\u00f2 fare a meno di porsi, fondendo in queste pagine le sue pi\u00f9 intime ossessioni con una delle preoccupazioni fondamentali della societ\u00e0 contemporanea: il ruolo della spiritualit\u00e0 e della trascendenza nella vita umana, che inevitabilmente si confronta con la religione e con il desiderio di immortalit\u00e0.<\/p>\n","protected":false},"featured_media":283694,"template":"","meta":{"_acf_changed":false,"rs_blank_template":"","rs_page_bg_color":"","slide_template_v7":""},"mec_label":[20293],"class_list":["post-283881","book","type-book","status-publish","has-post-thumbnail","hentry","edizione-book-21367"],"acf":[],"yoast_head":"<!-- This site is optimized with the Yoast SEO plugin v28.2 - https:\/\/yoast.com\/product\/yoast-seo-wordpress\/ -->\n<title>Il folle di Dio alla fine del mondo - Meeting di Rimini<\/title>\n<meta name=\"robots\" content=\"index, follow, max-snippet:-1, max-image-preview:large, max-video-preview:-1\" \/>\n<link rel=\"canonical\" href=\"https:\/\/www.meetingrimini.org\/es\/book\/il-folle-di-dio-alla-fine-del-mondo\/\" \/>\n<meta property=\"og:locale\" content=\"es_ES\" \/>\n<meta property=\"og:type\" content=\"article\" \/>\n<meta property=\"og:title\" content=\"Il folle di Dio alla fine del mondo - Meeting di Rimini\" \/>\n<meta property=\"og:description\" content=\"\u00abEcco un folle senza Dio che insegue il folle di Dio fino alla fine del mondo\u00bb. Da questo attacco folgorante prende avvio un libro unico, che nessuno finora aveva avuto ... Read More\" \/>\n<meta property=\"og:url\" content=\"https:\/\/www.meetingrimini.org\/es\/book\/il-folle-di-dio-alla-fine-del-mondo\/\" \/>\n<meta property=\"og:site_name\" content=\"Meeting di Rimini\" \/>\n<meta property=\"article:publisher\" content=\"https:\/\/www.facebook.com\/meetingrimini\" \/>\n<meta property=\"article:modified_time\" content=\"2025-08-23T19:40:08+00:00\" \/>\n<meta property=\"og:image\" content=\"https:\/\/www.meetingrimini.org\/wp-content\/uploads\/2025\/07\/Il-folle-di-Dio.jpg\" \/>\n\t<meta property=\"og:image:width\" content=\"1000\" \/>\n\t<meta property=\"og:image:height\" content=\"1549\" \/>\n\t<meta property=\"og:image:type\" content=\"image\/jpeg\" \/>\n<meta name=\"twitter:card\" content=\"summary_large_image\" \/>\n<meta name=\"twitter:site\" content=\"@MeetingRimini\" \/>\n<meta name=\"twitter:label1\" content=\"Tiempo de lectura\" \/>\n\t<meta name=\"twitter:data1\" content=\"1 minuto\" \/>\n<script type=\"application\/ld+json\" class=\"yoast-schema-graph\">{\"@context\":\"https:\\\/\\\/schema.org\",\"@graph\":[{\"@type\":\"WebPage\",\"@id\":\"https:\\\/\\\/www.meetingrimini.org\\\/es\\\/book\\\/il-folle-di-dio-alla-fine-del-mondo\\\/\",\"url\":\"https:\\\/\\\/www.meetingrimini.org\\\/es\\\/book\\\/il-folle-di-dio-alla-fine-del-mondo\\\/\",\"name\":\"Il folle di Dio alla fine del mondo - Meeting di Rimini\",\"isPartOf\":{\"@id\":\"https:\\\/\\\/www.meetingrimini.org\\\/es\\\/#website\"},\"primaryImageOfPage\":{\"@id\":\"https:\\\/\\\/www.meetingrimini.org\\\/es\\\/book\\\/il-folle-di-dio-alla-fine-del-mondo\\\/#primaryimage\"},\"image\":{\"@id\":\"https:\\\/\\\/www.meetingrimini.org\\\/es\\\/book\\\/il-folle-di-dio-alla-fine-del-mondo\\\/#primaryimage\"},\"thumbnailUrl\":\"https:\\\/\\\/www.meetingrimini.org\\\/wp-content\\\/uploads\\\/2025\\\/07\\\/Il-folle-di-Dio.jpg\",\"datePublished\":\"2025-08-04T08:46:44+00:00\",\"dateModified\":\"2025-08-23T19:40:08+00:00\",\"breadcrumb\":{\"@id\":\"https:\\\/\\\/www.meetingrimini.org\\\/es\\\/book\\\/il-folle-di-dio-alla-fine-del-mondo\\\/#breadcrumb\"},\"inLanguage\":\"es\",\"potentialAction\":[{\"@type\":\"ReadAction\",\"target\":[\"https:\\\/\\\/www.meetingrimini.org\\\/es\\\/book\\\/il-folle-di-dio-alla-fine-del-mondo\\\/\"]}]},{\"@type\":\"ImageObject\",\"inLanguage\":\"es\",\"@id\":\"https:\\\/\\\/www.meetingrimini.org\\\/es\\\/book\\\/il-folle-di-dio-alla-fine-del-mondo\\\/#primaryimage\",\"url\":\"https:\\\/\\\/www.meetingrimini.org\\\/wp-content\\\/uploads\\\/2025\\\/07\\\/Il-folle-di-Dio.jpg\",\"contentUrl\":\"https:\\\/\\\/www.meetingrimini.org\\\/wp-content\\\/uploads\\\/2025\\\/07\\\/Il-folle-di-Dio.jpg\",\"width\":1000,\"height\":1549},{\"@type\":\"BreadcrumbList\",\"@id\":\"https:\\\/\\\/www.meetingrimini.org\\\/es\\\/book\\\/il-folle-di-dio-alla-fine-del-mondo\\\/#breadcrumb\",\"itemListElement\":[{\"@type\":\"ListItem\",\"position\":1,\"name\":\"Home\",\"item\":\"https:\\\/\\\/www.meetingrimini.org\\\/es\\\/meeting-rimini-spagnolo\\\/\"},{\"@type\":\"ListItem\",\"position\":2,\"name\":\"Book Corner\",\"item\":\"https:\\\/\\\/www.meetingrimini.org\\\/es\\\/book-corner\\\/\"},{\"@type\":\"ListItem\",\"position\":3,\"name\":\"Il folle di Dio alla fine del mondo\"}]},{\"@type\":\"WebSite\",\"@id\":\"https:\\\/\\\/www.meetingrimini.org\\\/es\\\/#website\",\"url\":\"https:\\\/\\\/www.meetingrimini.org\\\/es\\\/\",\"name\":\"Meeting di Rimini\",\"description\":\"Meeting per l&#039;Amicizia fra i Popoli\",\"publisher\":{\"@id\":\"https:\\\/\\\/www.meetingrimini.org\\\/es\\\/#organization\"},\"potentialAction\":[{\"@type\":\"SearchAction\",\"target\":{\"@type\":\"EntryPoint\",\"urlTemplate\":\"https:\\\/\\\/www.meetingrimini.org\\\/es\\\/?s={search_term_string}\"},\"query-input\":{\"@type\":\"PropertyValueSpecification\",\"valueRequired\":true,\"valueName\":\"search_term_string\"}}],\"inLanguage\":\"es\"},{\"@type\":\"Organization\",\"@id\":\"https:\\\/\\\/www.meetingrimini.org\\\/es\\\/#organization\",\"name\":\"Fondazione Meeting di Rimini\",\"url\":\"https:\\\/\\\/www.meetingrimini.org\\\/es\\\/\",\"logo\":{\"@type\":\"ImageObject\",\"inLanguage\":\"es\",\"@id\":\"https:\\\/\\\/www.meetingrimini.org\\\/es\\\/#\\\/schema\\\/logo\\\/image\\\/\",\"url\":\"https:\\\/\\\/www.meetingrimini.org\\\/wp-content\\\/uploads\\\/2018\\\/10\\\/logo_originale.png\",\"contentUrl\":\"https:\\\/\\\/www.meetingrimini.org\\\/wp-content\\\/uploads\\\/2018\\\/10\\\/logo_originale.png\",\"width\":600,\"height\":156,\"caption\":\"Fondazione Meeting di Rimini\"},\"image\":{\"@id\":\"https:\\\/\\\/www.meetingrimini.org\\\/es\\\/#\\\/schema\\\/logo\\\/image\\\/\"},\"sameAs\":[\"https:\\\/\\\/www.facebook.com\\\/meetingrimini\",\"https:\\\/\\\/x.com\\\/MeetingRimini\",\"https:\\\/\\\/www.instagram.com\\\/meetingrimini\\\/\",\"https:\\\/\\\/www.linkedin.com\\\/company\\\/fondazione-meeting-per-l'amicizia-fra-i-popoli\\\/\",\"https:\\\/\\\/www.youtube.com\\\/user\\\/meetingdirimini\"]}]}<\/script>\n<!-- \/ Yoast SEO plugin. -->","yoast_head_json":{"title":"Il folle di Dio alla fine del mondo - Meeting di Rimini","robots":{"index":"index","follow":"follow","max-snippet":"max-snippet:-1","max-image-preview":"max-image-preview:large","max-video-preview":"max-video-preview:-1"},"canonical":"https:\/\/www.meetingrimini.org\/es\/book\/il-folle-di-dio-alla-fine-del-mondo\/","og_locale":"es_ES","og_type":"article","og_title":"Il folle di Dio alla fine del mondo - Meeting di Rimini","og_description":"\u00abEcco un folle senza Dio che insegue il folle di Dio fino alla fine del mondo\u00bb. Da questo attacco folgorante prende avvio un libro unico, che nessuno finora aveva avuto ... Read More","og_url":"https:\/\/www.meetingrimini.org\/es\/book\/il-folle-di-dio-alla-fine-del-mondo\/","og_site_name":"Meeting di Rimini","article_publisher":"https:\/\/www.facebook.com\/meetingrimini","article_modified_time":"2025-08-23T19:40:08+00:00","og_image":[{"width":1000,"height":1549,"url":"https:\/\/www.meetingrimini.org\/wp-content\/uploads\/2025\/07\/Il-folle-di-Dio.jpg","type":"image\/jpeg"}],"twitter_card":"summary_large_image","twitter_site":"@MeetingRimini","twitter_misc":{"Tiempo de lectura":"1 minuto"},"schema":{"@context":"https:\/\/schema.org","@graph":[{"@type":"WebPage","@id":"https:\/\/www.meetingrimini.org\/es\/book\/il-folle-di-dio-alla-fine-del-mondo\/","url":"https:\/\/www.meetingrimini.org\/es\/book\/il-folle-di-dio-alla-fine-del-mondo\/","name":"Il folle di Dio alla fine del mondo - Meeting di Rimini","isPartOf":{"@id":"https:\/\/www.meetingrimini.org\/es\/#website"},"primaryImageOfPage":{"@id":"https:\/\/www.meetingrimini.org\/es\/book\/il-folle-di-dio-alla-fine-del-mondo\/#primaryimage"},"image":{"@id":"https:\/\/www.meetingrimini.org\/es\/book\/il-folle-di-dio-alla-fine-del-mondo\/#primaryimage"},"thumbnailUrl":"https:\/\/www.meetingrimini.org\/wp-content\/uploads\/2025\/07\/Il-folle-di-Dio.jpg","datePublished":"2025-08-04T08:46:44+00:00","dateModified":"2025-08-23T19:40:08+00:00","breadcrumb":{"@id":"https:\/\/www.meetingrimini.org\/es\/book\/il-folle-di-dio-alla-fine-del-mondo\/#breadcrumb"},"inLanguage":"es","potentialAction":[{"@type":"ReadAction","target":["https:\/\/www.meetingrimini.org\/es\/book\/il-folle-di-dio-alla-fine-del-mondo\/"]}]},{"@type":"ImageObject","inLanguage":"es","@id":"https:\/\/www.meetingrimini.org\/es\/book\/il-folle-di-dio-alla-fine-del-mondo\/#primaryimage","url":"https:\/\/www.meetingrimini.org\/wp-content\/uploads\/2025\/07\/Il-folle-di-Dio.jpg","contentUrl":"https:\/\/www.meetingrimini.org\/wp-content\/uploads\/2025\/07\/Il-folle-di-Dio.jpg","width":1000,"height":1549},{"@type":"BreadcrumbList","@id":"https:\/\/www.meetingrimini.org\/es\/book\/il-folle-di-dio-alla-fine-del-mondo\/#breadcrumb","itemListElement":[{"@type":"ListItem","position":1,"name":"Home","item":"https:\/\/www.meetingrimini.org\/es\/meeting-rimini-spagnolo\/"},{"@type":"ListItem","position":2,"name":"Book Corner","item":"https:\/\/www.meetingrimini.org\/es\/book-corner\/"},{"@type":"ListItem","position":3,"name":"Il folle di Dio alla fine del mondo"}]},{"@type":"WebSite","@id":"https:\/\/www.meetingrimini.org\/es\/#website","url":"https:\/\/www.meetingrimini.org\/es\/","name":"Meeting di Rimini","description":"Meeting per l&#039;Amicizia fra i Popoli","publisher":{"@id":"https:\/\/www.meetingrimini.org\/es\/#organization"},"potentialAction":[{"@type":"SearchAction","target":{"@type":"EntryPoint","urlTemplate":"https:\/\/www.meetingrimini.org\/es\/?s={search_term_string}"},"query-input":{"@type":"PropertyValueSpecification","valueRequired":true,"valueName":"search_term_string"}}],"inLanguage":"es"},{"@type":"Organization","@id":"https:\/\/www.meetingrimini.org\/es\/#organization","name":"Fondazione Meeting di Rimini","url":"https:\/\/www.meetingrimini.org\/es\/","logo":{"@type":"ImageObject","inLanguage":"es","@id":"https:\/\/www.meetingrimini.org\/es\/#\/schema\/logo\/image\/","url":"https:\/\/www.meetingrimini.org\/wp-content\/uploads\/2018\/10\/logo_originale.png","contentUrl":"https:\/\/www.meetingrimini.org\/wp-content\/uploads\/2018\/10\/logo_originale.png","width":600,"height":156,"caption":"Fondazione Meeting di Rimini"},"image":{"@id":"https:\/\/www.meetingrimini.org\/es\/#\/schema\/logo\/image\/"},"sameAs":["https:\/\/www.facebook.com\/meetingrimini","https:\/\/x.com\/MeetingRimini","https:\/\/www.instagram.com\/meetingrimini\/","https:\/\/www.linkedin.com\/company\/fondazione-meeting-per-l'amicizia-fra-i-popoli\/","https:\/\/www.youtube.com\/user\/meetingdirimini"]}]}},"langs":{"it":283881,"en":283881,"es":283881},"sottotitolo":null,"info_aggiuntive":"<p>Javier Cercas, autore del libro<br \/>\nSilvia Guidi, giornalista \u00abL\u2019Osservatore Romano\u00bb<\/p>\n<p>Una produzione a cura di Frame Factory<\/p>\n","autore_libro":"Javier Cercas","editore_libro":"Guanda","link_acquista_libro":"https:\/\/www.guanda.it\/libri\/javier-cercas-il-folle-di-dio-alla-fine-del-mondo-9788823535435\/","cover_align":"center","start_date":"2025-08-23T17:00:00+0200","end_date":"2025-08-23T18:00:00+0200","_links":{"self":[{"href":"https:\/\/www.meetingrimini.org\/es\/wp-json\/wp\/v2\/book-corner\/283881","targetHints":{"allow":["GET"]}}],"collection":[{"href":"https:\/\/www.meetingrimini.org\/es\/wp-json\/wp\/v2\/book-corner"}],"about":[{"href":"https:\/\/www.meetingrimini.org\/es\/wp-json\/wp\/v2\/types\/book"}],"wp:featuredmedia":[{"embeddable":true,"href":"https:\/\/www.meetingrimini.org\/es\/wp-json\/wp\/v2\/media\/283694"}],"wp:attachment":[{"href":"https:\/\/www.meetingrimini.org\/es\/wp-json\/wp\/v2\/media?parent=283881"}],"wp:term":[{"taxonomy":"mec_label","embeddable":true,"href":"https:\/\/www.meetingrimini.org\/es\/wp-json\/wp\/v2\/mec_label?post=283881"}],"curies":[{"name":"wp","href":"https:\/\/api.w.org\/{rel}","templated":true}]}}

<p>«Ecco un folle senza Dio che insegue il folle di Dio fino alla fine del mondo». Da questo attacco folgorante prende avvio un libro unico, che nessuno finora aveva avuto l&#8217;opportunità di scrivere. Il «folle senza Dio» è uno scrittore ateo e anticlericale, che si definisce laicista militante, mosso dal desiderio di parlare a tu per tu con papa Francesco, il «folle di Dio», come amava definirsi anche il santo di cui ha scelto il nome. Ma oltre che unico, perché mai il Vaticano aveva aperto le sue porte a uno scrittore con tanta generosità, questo è un libro di notevole profondità, il racconto magistrale e personale che scaturisce dalla penna di un grande autore: quasi un thriller su quello che è il più antico mistero della storia dell&#8217;umanità. È vero che esiste la vita dopo la morte? Nella forma narrativa che lo ha reso celebre, quella del «romanzo senza finzione», Javier Cercas cerca una risposta alla domanda che nessuno può fare a meno di porsi, fondendo in queste pagine le sue più intime ossessioni con una delle preoccupazioni fondamentali della società contemporanea: il ruolo della spiritualità e della trascendenza nella vita umana, che inevitabilmente si confronta con la religione e con il desiderio di immortalità.</p>
