{"id":272590,"date":"2025-01-13T10:37:47","date_gmt":"2025-01-13T09:37:47","guid":{"rendered":"https:\/\/www.meetingrimini.org\/?post_type=book&#038;p=272590"},"modified":"2025-01-13T10:37:47","modified_gmt":"2025-01-13T09:37:47","slug":"il-vangelo-degli-angeli","status":"publish","type":"book","link":"https:\/\/www.spreaker.com\/episode\/46139269","title":{"rendered":"Il Vangelo degli angeli"},"content":{"rendered":"<div class=\"x-text x-content e187083-e44 m40cr-3o m40cr-3r m40cr-3s m40cr-3v m40cr-3w\">In questo libro di piena maturit\u00e0 espressiva, Eraldo Affinati, ci invita a tornare a Ges\u00f9, maestro e profeta, con occhi nuovi. Il viaggio dello scrittore, umilmente consapevole e tuttavia capace di aprire suggestivi spazi fantastici e narrativi, parte dalle fonti, Luca e Giovanni soprattutto, ma anche gli Atti degli Apostoli, e alle fonti resta fedele, pur trasfigurandole in un&#8217;opera assolutamente originale dove troveremo, sullo sfondo dello straordinario paesaggio palestinese, tutti gli episodi del testo sacro, dalla nascita alla crocefissione e oltre ancora, filtrati dalla sensibilit\u00e0 dell&#8217;autore, al tempo stesso affascinato e coinvolto. Cosa significa avere fede? Che senso attribuire al male umano? Quale uso possiamo fare della nostra libert\u00e0? Perch\u00e9 la giustizia terrena non ci basta? Come dobbiamo esercitare la responsabilit\u00e0 che sentiamo nei confronti degli altri? Queste antiche domande, che hanno sempre alimentato l&#8217;ispirazione etica e civile di Eraldo Affinati, stavolta si misurano con l&#8217;amore di Cristo verso di noi, rilanciando, per credenti e non credenti, la forza imperitura del suo messaggio.<\/div>\n","protected":false},"featured_media":209273,"template":"","meta":{"_acf_changed":false,"rs_blank_template":"","rs_page_bg_color":"","slide_template_v7":""},"mec_label":[18074],"class_list":["post-272590","book","type-book","status-publish","has-post-thumbnail","hentry","edizione-book-18484"],"acf":[],"yoast_head":"<!-- This site is optimized with the Yoast SEO plugin v28.2 - https:\/\/yoast.com\/product\/yoast-seo-wordpress\/ -->\n<title>Il Vangelo degli angeli - Meeting di Rimini<\/title>\n<meta name=\"robots\" content=\"index, follow, max-snippet:-1, max-image-preview:large, max-video-preview:-1\" \/>\n<link rel=\"canonical\" href=\"https:\/\/www.meetingrimini.org\/en\/book\/il-vangelo-degli-angeli\/\" \/>\n<meta property=\"og:locale\" content=\"en_US\" \/>\n<meta property=\"og:type\" content=\"article\" \/>\n<meta property=\"og:title\" content=\"Il Vangelo degli angeli - Meeting di Rimini\" \/>\n<meta property=\"og:description\" content=\"In questo libro di piena maturit\u00e0 espressiva, Eraldo Affinati, ci invita a tornare a Ges\u00f9, maestro e profeta, con occhi nuovi. Il viaggio dello scrittore, umilmente consapevole e tuttavia capace ... Read More\" \/>\n<meta property=\"og:url\" content=\"https:\/\/www.meetingrimini.org\/en\/book\/il-vangelo-degli-angeli\/\" \/>\n<meta property=\"og:site_name\" content=\"Meeting di Rimini\" \/>\n<meta property=\"article:publisher\" content=\"https:\/\/www.facebook.com\/meetingrimini\" \/>\n<meta property=\"og:image\" content=\"https:\/\/www.meetingrimini.org\/wp-content\/uploads\/2021\/08\/angeli-gg.jpg\" \/>\n\t<meta property=\"og:image:width\" content=\"536\" \/>\n\t<meta property=\"og:image:height\" content=\"803\" \/>\n\t<meta property=\"og:image:type\" content=\"image\/jpeg\" \/>\n<meta name=\"twitter:card\" content=\"summary_large_image\" \/>\n<meta name=\"twitter:site\" content=\"@MeetingRimini\" \/>\n<meta name=\"twitter:label1\" content=\"Est. reading time\" \/>\n\t<meta name=\"twitter:data1\" content=\"1 minute\" \/>\n<script type=\"application\/ld+json\" class=\"yoast-schema-graph\">{\"@context\":\"https:\\\/\\\/schema.org\",\"@graph\":[{\"@type\":\"WebPage\",\"@id\":\"https:\\\/\\\/www.meetingrimini.org\\\/en\\\/book\\\/il-vangelo-degli-angeli\\\/\",\"url\":\"https:\\\/\\\/www.meetingrimini.org\\\/en\\\/book\\\/il-vangelo-degli-angeli\\\/\",\"name\":\"Il Vangelo degli angeli - Meeting di Rimini\",\"isPartOf\":{\"@id\":\"https:\\\/\\\/www.meetingrimini.org\\\/en\\\/#website\"},\"primaryImageOfPage\":{\"@id\":\"https:\\\/\\\/www.meetingrimini.org\\\/en\\\/book\\\/il-vangelo-degli-angeli\\\/#primaryimage\"},\"image\":{\"@id\":\"https:\\\/\\\/www.meetingrimini.org\\\/en\\\/book\\\/il-vangelo-degli-angeli\\\/#primaryimage\"},\"thumbnailUrl\":\"https:\\\/\\\/www.meetingrimini.org\\\/wp-content\\\/uploads\\\/2021\\\/08\\\/angeli-gg.jpg\",\"datePublished\":\"2025-01-13T09:37:47+00:00\",\"breadcrumb\":{\"@id\":\"https:\\\/\\\/www.meetingrimini.org\\\/en\\\/book\\\/il-vangelo-degli-angeli\\\/#breadcrumb\"},\"inLanguage\":\"en-US\",\"potentialAction\":[{\"@type\":\"ReadAction\",\"target\":[\"https:\\\/\\\/www.meetingrimini.org\\\/en\\\/book\\\/il-vangelo-degli-angeli\\\/\"]}]},{\"@type\":\"ImageObject\",\"inLanguage\":\"en-US\",\"@id\":\"https:\\\/\\\/www.meetingrimini.org\\\/en\\\/book\\\/il-vangelo-degli-angeli\\\/#primaryimage\",\"url\":\"https:\\\/\\\/www.meetingrimini.org\\\/wp-content\\\/uploads\\\/2021\\\/08\\\/angeli-gg.jpg\",\"contentUrl\":\"https:\\\/\\\/www.meetingrimini.org\\\/wp-content\\\/uploads\\\/2021\\\/08\\\/angeli-gg.jpg\",\"width\":536,\"height\":803},{\"@type\":\"BreadcrumbList\",\"@id\":\"https:\\\/\\\/www.meetingrimini.org\\\/en\\\/book\\\/il-vangelo-degli-angeli\\\/#breadcrumb\",\"itemListElement\":[{\"@type\":\"ListItem\",\"position\":1,\"name\":\"Home\",\"item\":\"https:\\\/\\\/www.meetingrimini.org\\\/en\\\/\"},{\"@type\":\"ListItem\",\"position\":2,\"name\":\"Book Corner\",\"item\":\"https:\\\/\\\/www.meetingrimini.org\\\/en\\\/book-corner\\\/\"},{\"@type\":\"ListItem\",\"position\":3,\"name\":\"Il Vangelo degli angeli\"}]},{\"@type\":\"WebSite\",\"@id\":\"https:\\\/\\\/www.meetingrimini.org\\\/en\\\/#website\",\"url\":\"https:\\\/\\\/www.meetingrimini.org\\\/en\\\/\",\"name\":\"Meeting di Rimini\",\"description\":\"Meeting per l&#039;Amicizia fra i Popoli\",\"publisher\":{\"@id\":\"https:\\\/\\\/www.meetingrimini.org\\\/en\\\/#organization\"},\"potentialAction\":[{\"@type\":\"SearchAction\",\"target\":{\"@type\":\"EntryPoint\",\"urlTemplate\":\"https:\\\/\\\/www.meetingrimini.org\\\/en\\\/?s={search_term_string}\"},\"query-input\":{\"@type\":\"PropertyValueSpecification\",\"valueRequired\":true,\"valueName\":\"search_term_string\"}}],\"inLanguage\":\"en-US\"},{\"@type\":\"Organization\",\"@id\":\"https:\\\/\\\/www.meetingrimini.org\\\/en\\\/#organization\",\"name\":\"Fondazione Meeting di Rimini\",\"url\":\"https:\\\/\\\/www.meetingrimini.org\\\/en\\\/\",\"logo\":{\"@type\":\"ImageObject\",\"inLanguage\":\"en-US\",\"@id\":\"https:\\\/\\\/www.meetingrimini.org\\\/en\\\/#\\\/schema\\\/logo\\\/image\\\/\",\"url\":\"https:\\\/\\\/www.meetingrimini.org\\\/wp-content\\\/uploads\\\/2018\\\/10\\\/logo_originale.png\",\"contentUrl\":\"https:\\\/\\\/www.meetingrimini.org\\\/wp-content\\\/uploads\\\/2018\\\/10\\\/logo_originale.png\",\"width\":600,\"height\":156,\"caption\":\"Fondazione Meeting di Rimini\"},\"image\":{\"@id\":\"https:\\\/\\\/www.meetingrimini.org\\\/en\\\/#\\\/schema\\\/logo\\\/image\\\/\"},\"sameAs\":[\"https:\\\/\\\/www.facebook.com\\\/meetingrimini\",\"https:\\\/\\\/x.com\\\/MeetingRimini\",\"https:\\\/\\\/www.instagram.com\\\/meetingrimini\\\/\",\"https:\\\/\\\/www.linkedin.com\\\/company\\\/fondazione-meeting-per-l'amicizia-fra-i-popoli\\\/\",\"https:\\\/\\\/www.youtube.com\\\/user\\\/meetingdirimini\"]}]}<\/script>\n<!-- \/ Yoast SEO plugin. -->","yoast_head_json":{"title":"Il Vangelo degli angeli - Meeting di Rimini","robots":{"index":"index","follow":"follow","max-snippet":"max-snippet:-1","max-image-preview":"max-image-preview:large","max-video-preview":"max-video-preview:-1"},"canonical":"https:\/\/www.meetingrimini.org\/en\/book\/il-vangelo-degli-angeli\/","og_locale":"en_US","og_type":"article","og_title":"Il Vangelo degli angeli - Meeting di Rimini","og_description":"In questo libro di piena maturit\u00e0 espressiva, Eraldo Affinati, ci invita a tornare a Ges\u00f9, maestro e profeta, con occhi nuovi. Il viaggio dello scrittore, umilmente consapevole e tuttavia capace ... Read More","og_url":"https:\/\/www.meetingrimini.org\/en\/book\/il-vangelo-degli-angeli\/","og_site_name":"Meeting di Rimini","article_publisher":"https:\/\/www.facebook.com\/meetingrimini","og_image":[{"width":536,"height":803,"url":"https:\/\/www.meetingrimini.org\/wp-content\/uploads\/2021\/08\/angeli-gg.jpg","type":"image\/jpeg"}],"twitter_card":"summary_large_image","twitter_site":"@MeetingRimini","twitter_misc":{"Est. reading time":"1 minute"},"schema":{"@context":"https:\/\/schema.org","@graph":[{"@type":"WebPage","@id":"https:\/\/www.meetingrimini.org\/en\/book\/il-vangelo-degli-angeli\/","url":"https:\/\/www.meetingrimini.org\/en\/book\/il-vangelo-degli-angeli\/","name":"Il Vangelo degli angeli - Meeting di Rimini","isPartOf":{"@id":"https:\/\/www.meetingrimini.org\/en\/#website"},"primaryImageOfPage":{"@id":"https:\/\/www.meetingrimini.org\/en\/book\/il-vangelo-degli-angeli\/#primaryimage"},"image":{"@id":"https:\/\/www.meetingrimini.org\/en\/book\/il-vangelo-degli-angeli\/#primaryimage"},"thumbnailUrl":"https:\/\/www.meetingrimini.org\/wp-content\/uploads\/2021\/08\/angeli-gg.jpg","datePublished":"2025-01-13T09:37:47+00:00","breadcrumb":{"@id":"https:\/\/www.meetingrimini.org\/en\/book\/il-vangelo-degli-angeli\/#breadcrumb"},"inLanguage":"en-US","potentialAction":[{"@type":"ReadAction","target":["https:\/\/www.meetingrimini.org\/en\/book\/il-vangelo-degli-angeli\/"]}]},{"@type":"ImageObject","inLanguage":"en-US","@id":"https:\/\/www.meetingrimini.org\/en\/book\/il-vangelo-degli-angeli\/#primaryimage","url":"https:\/\/www.meetingrimini.org\/wp-content\/uploads\/2021\/08\/angeli-gg.jpg","contentUrl":"https:\/\/www.meetingrimini.org\/wp-content\/uploads\/2021\/08\/angeli-gg.jpg","width":536,"height":803},{"@type":"BreadcrumbList","@id":"https:\/\/www.meetingrimini.org\/en\/book\/il-vangelo-degli-angeli\/#breadcrumb","itemListElement":[{"@type":"ListItem","position":1,"name":"Home","item":"https:\/\/www.meetingrimini.org\/en\/"},{"@type":"ListItem","position":2,"name":"Book Corner","item":"https:\/\/www.meetingrimini.org\/en\/book-corner\/"},{"@type":"ListItem","position":3,"name":"Il Vangelo degli angeli"}]},{"@type":"WebSite","@id":"https:\/\/www.meetingrimini.org\/en\/#website","url":"https:\/\/www.meetingrimini.org\/en\/","name":"Meeting di Rimini","description":"Meeting per l&#039;Amicizia fra i Popoli","publisher":{"@id":"https:\/\/www.meetingrimini.org\/en\/#organization"},"potentialAction":[{"@type":"SearchAction","target":{"@type":"EntryPoint","urlTemplate":"https:\/\/www.meetingrimini.org\/en\/?s={search_term_string}"},"query-input":{"@type":"PropertyValueSpecification","valueRequired":true,"valueName":"search_term_string"}}],"inLanguage":"en-US"},{"@type":"Organization","@id":"https:\/\/www.meetingrimini.org\/en\/#organization","name":"Fondazione Meeting di Rimini","url":"https:\/\/www.meetingrimini.org\/en\/","logo":{"@type":"ImageObject","inLanguage":"en-US","@id":"https:\/\/www.meetingrimini.org\/en\/#\/schema\/logo\/image\/","url":"https:\/\/www.meetingrimini.org\/wp-content\/uploads\/2018\/10\/logo_originale.png","contentUrl":"https:\/\/www.meetingrimini.org\/wp-content\/uploads\/2018\/10\/logo_originale.png","width":600,"height":156,"caption":"Fondazione Meeting di Rimini"},"image":{"@id":"https:\/\/www.meetingrimini.org\/en\/#\/schema\/logo\/image\/"},"sameAs":["https:\/\/www.facebook.com\/meetingrimini","https:\/\/x.com\/MeetingRimini","https:\/\/www.instagram.com\/meetingrimini\/","https:\/\/www.linkedin.com\/company\/fondazione-meeting-per-l'amicizia-fra-i-popoli\/","https:\/\/www.youtube.com\/user\/meetingdirimini"]}]}},"langs":{"it":272590,"en":272590,"es":272590},"sottotitolo":null,"info_aggiuntive":"<p>Eraldo Affinati, Autore del libro<br \/>\nAlessandra Govi, Centro Culturale di Cinisello Balsamo (Mi)<br \/>\nPlinio Maria Lenzi alle letture<\/p>\n","autore_libro":"Eraldo Affinati","editore_libro":"HarperCollins Italia","link_acquista_libro":"https:\/\/www.mondadoristore.it\/Il-Vangelo-Degli-Angeli-Eraldo-Affinati\/eai978883053056\/","cover_align":null,"start_date":null,"end_date":null,"_links":{"self":[{"href":"https:\/\/www.meetingrimini.org\/en\/wp-json\/wp\/v2\/book-corner\/272590","targetHints":{"allow":["GET"]}}],"collection":[{"href":"https:\/\/www.meetingrimini.org\/en\/wp-json\/wp\/v2\/book-corner"}],"about":[{"href":"https:\/\/www.meetingrimini.org\/en\/wp-json\/wp\/v2\/types\/book"}],"wp:featuredmedia":[{"embeddable":true,"href":"https:\/\/www.meetingrimini.org\/en\/wp-json\/wp\/v2\/media\/209273"}],"wp:attachment":[{"href":"https:\/\/www.meetingrimini.org\/en\/wp-json\/wp\/v2\/media?parent=272590"}],"wp:term":[{"taxonomy":"mec_label","embeddable":true,"href":"https:\/\/www.meetingrimini.org\/en\/wp-json\/wp\/v2\/mec_label?post=272590"}],"curies":[{"name":"wp","href":"https:\/\/api.w.org\/{rel}","templated":true}]}}

<div class="x-text x-content e187083-e44 m40cr-3o m40cr-3r m40cr-3s m40cr-3v m40cr-3w">In questo libro di piena maturità espressiva, Eraldo Affinati, ci invita a tornare a Gesù, maestro e profeta, con occhi nuovi. Il viaggio dello scrittore, umilmente consapevole e tuttavia capace di aprire suggestivi spazi fantastici e narrativi, parte dalle fonti, Luca e Giovanni soprattutto, ma anche gli Atti degli Apostoli, e alle fonti resta fedele, pur trasfigurandole in un&#8217;opera assolutamente originale dove troveremo, sullo sfondo dello straordinario paesaggio palestinese, tutti gli episodi del testo sacro, dalla nascita alla crocefissione e oltre ancora, filtrati dalla sensibilità dell&#8217;autore, al tempo stesso affascinato e coinvolto. Cosa significa avere fede? Che senso attribuire al male umano? Quale uso possiamo fare della nostra libertà? Perché la giustizia terrena non ci basta? Come dobbiamo esercitare la responsabilità che sentiamo nei confronti degli altri? Queste antiche domande, che hanno sempre alimentato l&#8217;ispirazione etica e civile di Eraldo Affinati, stavolta si misurano con l&#8217;amore di Cristo verso di noi, rilanciando, per credenti e non credenti, la forza imperitura del suo messaggio.</div>

<!-- This site is optimized with the Yoast SEO plugin v28.2 - https://yoast.com/product/yoast-seo-wordpress/ -->
<title>Il Vangelo degli angeli - Meeting di Rimini</title>
<meta name="robots" content="index, follow, max-snippet:-1, max-image-preview:large, max-video-preview:-1" />
<link rel="canonical" href="https://www.meetingrimini.org/en/book/il-vangelo-degli-angeli/" />
<meta property="og:locale" content="en_US" />
<meta property="og:type" content="article" />
<meta property="og:title" content="Il Vangelo degli angeli - Meeting di Rimini" />
<meta property="og:description" content="In questo libro di piena maturità espressiva, Eraldo Affinati, ci invita a tornare a Gesù, maestro e profeta, con occhi nuovi. Il viaggio dello scrittore, umilmente consapevole e tuttavia capace ... Read More" />
<meta property="og:url" content="https://www.meetingrimini.org/en/book/il-vangelo-degli-angeli/" />
<meta property="og:site_name" content="Meeting di Rimini" />
<meta property="article:publisher" content="https://www.facebook.com/meetingrimini" />
<meta property="og:image" content="https://www.meetingrimini.org/wp-content/uploads/2021/08/angeli-gg.jpg" />
	<meta property="og:image:width" content="536" />
	<meta property="og:image:height" content="803" />
	<meta property="og:image:type" content="image/jpeg" />
<meta name="twitter:card" content="summary_large_image" />
<meta name="twitter:site" content="@MeetingRimini" />
<meta name="twitter:label1" content="Est. reading time" />
	<meta name="twitter:data1" content="1 minute" />
<script type="application/ld+json" class="yoast-schema-graph">{"@context":"https:\/\/schema.org","@graph":[{"@type":"WebPage","@id":"https:\/\/www.meetingrimini.org\/en\/book\/il-vangelo-degli-angeli\/","url":"https:\/\/www.meetingrimini.org\/en\/book\/il-vangelo-degli-angeli\/","name":"Il Vangelo degli angeli - Meeting di Rimini","isPartOf":{"@id":"https:\/\/www.meetingrimini.org\/en\/#website"},"primaryImageOfPage":{"@id":"https:\/\/www.meetingrimini.org\/en\/book\/il-vangelo-degli-angeli\/#primaryimage"},"image":{"@id":"https:\/\/www.meetingrimini.org\/en\/book\/il-vangelo-degli-angeli\/#primaryimage"},"thumbnailUrl":"https:\/\/www.meetingrimini.org\/wp-content\/uploads\/2021\/08\/angeli-gg.jpg","datePublished":"2025-01-13T09:37:47+00:00","breadcrumb":{"@id":"https:\/\/www.meetingrimini.org\/en\/book\/il-vangelo-degli-angeli\/#breadcrumb"},"inLanguage":"en-US","potentialAction":[{"@type":"ReadAction","target":["https:\/\/www.meetingrimini.org\/en\/book\/il-vangelo-degli-angeli\/"]}]},{"@type":"ImageObject","inLanguage":"en-US","@id":"https:\/\/www.meetingrimini.org\/en\/book\/il-vangelo-degli-angeli\/#primaryimage","url":"https:\/\/www.meetingrimini.org\/wp-content\/uploads\/2021\/08\/angeli-gg.jpg","contentUrl":"https:\/\/www.meetingrimini.org\/wp-content\/uploads\/2021\/08\/angeli-gg.jpg","width":536,"height":803},{"@type":"BreadcrumbList","@id":"https:\/\/www.meetingrimini.org\/en\/book\/il-vangelo-degli-angeli\/#breadcrumb","itemListElement":[{"@type":"ListItem","position":1,"name":"Home","item":"https:\/\/www.meetingrimini.org\/en\/"},{"@type":"ListItem","position":2,"name":"Book Corner","item":"https:\/\/www.meetingrimini.org\/en\/book-corner\/"},{"@type":"ListItem","position":3,"name":"Il Vangelo degli angeli"}]},{"@type":"WebSite","@id":"https:\/\/www.meetingrimini.org\/en\/#website","url":"https:\/\/www.meetingrimini.org\/en\/","name":"Meeting di Rimini","description":"Meeting per l&#039;Amicizia fra i Popoli","publisher":{"@id":"https:\/\/www.meetingrimini.org\/en\/#organization"},"potentialAction":[{"@type":"SearchAction","target":{"@type":"EntryPoint","urlTemplate":"https:\/\/www.meetingrimini.org\/en\/?s={search_term_string}"},"query-input":{"@type":"PropertyValueSpecification","valueRequired":true,"valueName":"search_term_string"}}],"inLanguage":"en-US"},{"@type":"Organization","@id":"https:\/\/www.meetingrimini.org\/en\/#organization","name":"Fondazione Meeting di Rimini","url":"https:\/\/www.meetingrimini.org\/en\/","logo":{"@type":"ImageObject","inLanguage":"en-US","@id":"https:\/\/www.meetingrimini.org\/en\/#\/schema\/logo\/image\/","url":"https:\/\/www.meetingrimini.org\/wp-content\/uploads\/2018\/10\/logo_originale.png","contentUrl":"https:\/\/www.meetingrimini.org\/wp-content\/uploads\/2018\/10\/logo_originale.png","width":600,"height":156,"caption":"Fondazione Meeting di Rimini"},"image":{"@id":"https:\/\/www.meetingrimini.org\/en\/#\/schema\/logo\/image\/"},"sameAs":["https:\/\/www.facebook.com\/meetingrimini","https:\/\/x.com\/MeetingRimini","https:\/\/www.instagram.com\/meetingrimini\/","https:\/\/www.linkedin.com\/company\/fondazione-meeting-per-l'amicizia-fra-i-popoli\/","https:\/\/www.youtube.com\/user\/meetingdirimini"]}]}</script>
<!-- / Yoast SEO plugin. -->

In questo libro di piena maturità espressiva, Eraldo Affinati, ci invita a tornare a Gesù, maestro e profeta, con occhi nuovi. Il viaggio dello scrittore, umilmente consapevole e tuttavia capace ... Read More
