{"id":272525,"date":"2025-01-10T15:32:43","date_gmt":"2025-01-10T14:32:43","guid":{"rendered":"https:\/\/www.meetingrimini.org\/?post_type=book&#038;p=272525"},"modified":"2025-01-10T15:32:43","modified_gmt":"2025-01-10T14:32:43","slug":"alla-seconda-umanita","status":"publish","type":"book","link":"https:\/\/www.spreaker.com\/episode\/50559891","title":{"rendered":"Alla seconda umanit\u00e0"},"content":{"rendered":"<p>Che succederebbe se l\u2019Intelligenza Artificiale potesse avere il nostro corpo? Noi siamo il corpo o la mente? Siamo le sensazioni, le emozioni o i ricordi? Delta, Beta e Kappa sono cresciuti nel Campus e ora sono alla vigilia di un momento importante: la cerimonia di Potenziamento, che esalter\u00e0 al massimo tutte le loro facolt\u00e0. Dopo, potranno finalmente entrare nella Citt\u00e0, pronti per essere veri leader. L\u2019emozione \u00e8 grande, eppure Delta \u00e8 inquieto: quante cose gli sono state taciute lungo il percorso? Cosa nascondono i Fratelli Maggiori che li hanno educati? Per la prima volta, la sua fiducia nel mondo che ha sempre conosciuto vacilla. Anche nella Citt\u00e0 qualcuno non dorme sonni tranquilli. Leonardo si \u00e8 svegliato in un corpo perfetto: giovane, forte, bello. Ma si riconosce? \u00c8 davvero lui? In un mondo dominato dall\u2019intelligenza artificiale, una verit\u00e0 terribile si cela sotto il velo della perfezione. Delta, Leonardo e gli altri ragazzi saranno i primi a sollevarlo, e a scoprire i segreti che legano il corpo alla mente. Ma di quanto cuore avranno bisogno per ribellarsi e squarciare quel velo una volta per tutte?<\/p>\n","protected":false},"featured_media":225999,"template":"","meta":{"_acf_changed":false,"rs_blank_template":"","rs_page_bg_color":"","slide_template_v7":""},"mec_label":[18206],"class_list":["post-272525","book","type-book","status-publish","has-post-thumbnail","hentry","edizione-book-18483"],"acf":[],"yoast_head":"<!-- This site is optimized with the Yoast SEO plugin v28.2 - https:\/\/yoast.com\/product\/yoast-seo-wordpress\/ -->\n<title>Alla seconda umanit\u00e0 - Meeting di Rimini<\/title>\n<meta name=\"robots\" content=\"index, follow, max-snippet:-1, max-image-preview:large, max-video-preview:-1\" \/>\n<link rel=\"canonical\" href=\"https:\/\/www.meetingrimini.org\/en\/book\/alla-seconda-umanita\/\" \/>\n<meta property=\"og:locale\" content=\"en_US\" \/>\n<meta property=\"og:type\" content=\"article\" \/>\n<meta property=\"og:title\" content=\"Alla seconda umanit\u00e0 - Meeting di Rimini\" \/>\n<meta property=\"og:description\" content=\"Che succederebbe se l\u2019Intelligenza Artificiale potesse avere il nostro corpo? Noi siamo il corpo o la mente? Siamo le sensazioni, le emozioni o i ricordi? Delta, Beta e Kappa sono ... Read More\" \/>\n<meta property=\"og:url\" content=\"https:\/\/www.meetingrimini.org\/en\/book\/alla-seconda-umanita\/\" \/>\n<meta property=\"og:site_name\" content=\"Meeting di Rimini\" \/>\n<meta property=\"article:publisher\" content=\"https:\/\/www.facebook.com\/meetingrimini\" \/>\n<meta property=\"og:image\" content=\"https:\/\/www.meetingrimini.org\/wp-content\/uploads\/2022\/06\/alla-seconda.jpeg\" \/>\n\t<meta property=\"og:image:width\" content=\"768\" \/>\n\t<meta property=\"og:image:height\" content=\"1187\" \/>\n\t<meta property=\"og:image:type\" content=\"image\/jpeg\" \/>\n<meta name=\"twitter:card\" content=\"summary_large_image\" \/>\n<meta name=\"twitter:site\" content=\"@MeetingRimini\" \/>\n<meta name=\"twitter:label1\" content=\"Est. reading time\" \/>\n\t<meta name=\"twitter:data1\" content=\"1 minute\" \/>\n<script type=\"application\/ld+json\" class=\"yoast-schema-graph\">{\"@context\":\"https:\\\/\\\/schema.org\",\"@graph\":[{\"@type\":\"WebPage\",\"@id\":\"https:\\\/\\\/www.meetingrimini.org\\\/en\\\/book\\\/alla-seconda-umanita\\\/\",\"url\":\"https:\\\/\\\/www.meetingrimini.org\\\/en\\\/book\\\/alla-seconda-umanita\\\/\",\"name\":\"Alla seconda umanit\u00e0 - Meeting di Rimini\",\"isPartOf\":{\"@id\":\"https:\\\/\\\/www.meetingrimini.org\\\/en\\\/#website\"},\"primaryImageOfPage\":{\"@id\":\"https:\\\/\\\/www.meetingrimini.org\\\/en\\\/book\\\/alla-seconda-umanita\\\/#primaryimage\"},\"image\":{\"@id\":\"https:\\\/\\\/www.meetingrimini.org\\\/en\\\/book\\\/alla-seconda-umanita\\\/#primaryimage\"},\"thumbnailUrl\":\"https:\\\/\\\/www.meetingrimini.org\\\/wp-content\\\/uploads\\\/2022\\\/06\\\/alla-seconda.jpeg\",\"datePublished\":\"2025-01-10T14:32:43+00:00\",\"breadcrumb\":{\"@id\":\"https:\\\/\\\/www.meetingrimini.org\\\/en\\\/book\\\/alla-seconda-umanita\\\/#breadcrumb\"},\"inLanguage\":\"en-US\",\"potentialAction\":[{\"@type\":\"ReadAction\",\"target\":[\"https:\\\/\\\/www.meetingrimini.org\\\/en\\\/book\\\/alla-seconda-umanita\\\/\"]}]},{\"@type\":\"ImageObject\",\"inLanguage\":\"en-US\",\"@id\":\"https:\\\/\\\/www.meetingrimini.org\\\/en\\\/book\\\/alla-seconda-umanita\\\/#primaryimage\",\"url\":\"https:\\\/\\\/www.meetingrimini.org\\\/wp-content\\\/uploads\\\/2022\\\/06\\\/alla-seconda.jpeg\",\"contentUrl\":\"https:\\\/\\\/www.meetingrimini.org\\\/wp-content\\\/uploads\\\/2022\\\/06\\\/alla-seconda.jpeg\",\"width\":768,\"height\":1187},{\"@type\":\"BreadcrumbList\",\"@id\":\"https:\\\/\\\/www.meetingrimini.org\\\/en\\\/book\\\/alla-seconda-umanita\\\/#breadcrumb\",\"itemListElement\":[{\"@type\":\"ListItem\",\"position\":1,\"name\":\"Home\",\"item\":\"https:\\\/\\\/www.meetingrimini.org\\\/en\\\/\"},{\"@type\":\"ListItem\",\"position\":2,\"name\":\"Book Corner\",\"item\":\"https:\\\/\\\/www.meetingrimini.org\\\/en\\\/book-corner\\\/\"},{\"@type\":\"ListItem\",\"position\":3,\"name\":\"Alla seconda umanit\u00e0\"}]},{\"@type\":\"WebSite\",\"@id\":\"https:\\\/\\\/www.meetingrimini.org\\\/en\\\/#website\",\"url\":\"https:\\\/\\\/www.meetingrimini.org\\\/en\\\/\",\"name\":\"Meeting di Rimini\",\"description\":\"Meeting per l&#039;Amicizia fra i Popoli\",\"publisher\":{\"@id\":\"https:\\\/\\\/www.meetingrimini.org\\\/en\\\/#organization\"},\"potentialAction\":[{\"@type\":\"SearchAction\",\"target\":{\"@type\":\"EntryPoint\",\"urlTemplate\":\"https:\\\/\\\/www.meetingrimini.org\\\/en\\\/?s={search_term_string}\"},\"query-input\":{\"@type\":\"PropertyValueSpecification\",\"valueRequired\":true,\"valueName\":\"search_term_string\"}}],\"inLanguage\":\"en-US\"},{\"@type\":\"Organization\",\"@id\":\"https:\\\/\\\/www.meetingrimini.org\\\/en\\\/#organization\",\"name\":\"Fondazione Meeting di Rimini\",\"url\":\"https:\\\/\\\/www.meetingrimini.org\\\/en\\\/\",\"logo\":{\"@type\":\"ImageObject\",\"inLanguage\":\"en-US\",\"@id\":\"https:\\\/\\\/www.meetingrimini.org\\\/en\\\/#\\\/schema\\\/logo\\\/image\\\/\",\"url\":\"https:\\\/\\\/www.meetingrimini.org\\\/wp-content\\\/uploads\\\/2018\\\/10\\\/logo_originale.png\",\"contentUrl\":\"https:\\\/\\\/www.meetingrimini.org\\\/wp-content\\\/uploads\\\/2018\\\/10\\\/logo_originale.png\",\"width\":600,\"height\":156,\"caption\":\"Fondazione Meeting di Rimini\"},\"image\":{\"@id\":\"https:\\\/\\\/www.meetingrimini.org\\\/en\\\/#\\\/schema\\\/logo\\\/image\\\/\"},\"sameAs\":[\"https:\\\/\\\/www.facebook.com\\\/meetingrimini\",\"https:\\\/\\\/x.com\\\/MeetingRimini\",\"https:\\\/\\\/www.instagram.com\\\/meetingrimini\\\/\",\"https:\\\/\\\/www.linkedin.com\\\/company\\\/fondazione-meeting-per-l'amicizia-fra-i-popoli\\\/\",\"https:\\\/\\\/www.youtube.com\\\/user\\\/meetingdirimini\"]}]}<\/script>\n<!-- \/ Yoast SEO plugin. -->","yoast_head_json":{"title":"Alla seconda umanit\u00e0 - Meeting di Rimini","robots":{"index":"index","follow":"follow","max-snippet":"max-snippet:-1","max-image-preview":"max-image-preview:large","max-video-preview":"max-video-preview:-1"},"canonical":"https:\/\/www.meetingrimini.org\/en\/book\/alla-seconda-umanita\/","og_locale":"en_US","og_type":"article","og_title":"Alla seconda umanit\u00e0 - Meeting di Rimini","og_description":"Che succederebbe se l\u2019Intelligenza Artificiale potesse avere il nostro corpo? Noi siamo il corpo o la mente? Siamo le sensazioni, le emozioni o i ricordi? Delta, Beta e Kappa sono ... Read More","og_url":"https:\/\/www.meetingrimini.org\/en\/book\/alla-seconda-umanita\/","og_site_name":"Meeting di Rimini","article_publisher":"https:\/\/www.facebook.com\/meetingrimini","og_image":[{"width":768,"height":1187,"url":"https:\/\/www.meetingrimini.org\/wp-content\/uploads\/2022\/06\/alla-seconda.jpeg","type":"image\/jpeg"}],"twitter_card":"summary_large_image","twitter_site":"@MeetingRimini","twitter_misc":{"Est. reading time":"1 minute"},"schema":{"@context":"https:\/\/schema.org","@graph":[{"@type":"WebPage","@id":"https:\/\/www.meetingrimini.org\/en\/book\/alla-seconda-umanita\/","url":"https:\/\/www.meetingrimini.org\/en\/book\/alla-seconda-umanita\/","name":"Alla seconda umanit\u00e0 - Meeting di Rimini","isPartOf":{"@id":"https:\/\/www.meetingrimini.org\/en\/#website"},"primaryImageOfPage":{"@id":"https:\/\/www.meetingrimini.org\/en\/book\/alla-seconda-umanita\/#primaryimage"},"image":{"@id":"https:\/\/www.meetingrimini.org\/en\/book\/alla-seconda-umanita\/#primaryimage"},"thumbnailUrl":"https:\/\/www.meetingrimini.org\/wp-content\/uploads\/2022\/06\/alla-seconda.jpeg","datePublished":"2025-01-10T14:32:43+00:00","breadcrumb":{"@id":"https:\/\/www.meetingrimini.org\/en\/book\/alla-seconda-umanita\/#breadcrumb"},"inLanguage":"en-US","potentialAction":[{"@type":"ReadAction","target":["https:\/\/www.meetingrimini.org\/en\/book\/alla-seconda-umanita\/"]}]},{"@type":"ImageObject","inLanguage":"en-US","@id":"https:\/\/www.meetingrimini.org\/en\/book\/alla-seconda-umanita\/#primaryimage","url":"https:\/\/www.meetingrimini.org\/wp-content\/uploads\/2022\/06\/alla-seconda.jpeg","contentUrl":"https:\/\/www.meetingrimini.org\/wp-content\/uploads\/2022\/06\/alla-seconda.jpeg","width":768,"height":1187},{"@type":"BreadcrumbList","@id":"https:\/\/www.meetingrimini.org\/en\/book\/alla-seconda-umanita\/#breadcrumb","itemListElement":[{"@type":"ListItem","position":1,"name":"Home","item":"https:\/\/www.meetingrimini.org\/en\/"},{"@type":"ListItem","position":2,"name":"Book Corner","item":"https:\/\/www.meetingrimini.org\/en\/book-corner\/"},{"@type":"ListItem","position":3,"name":"Alla seconda umanit\u00e0"}]},{"@type":"WebSite","@id":"https:\/\/www.meetingrimini.org\/en\/#website","url":"https:\/\/www.meetingrimini.org\/en\/","name":"Meeting di Rimini","description":"Meeting per l&#039;Amicizia fra i Popoli","publisher":{"@id":"https:\/\/www.meetingrimini.org\/en\/#organization"},"potentialAction":[{"@type":"SearchAction","target":{"@type":"EntryPoint","urlTemplate":"https:\/\/www.meetingrimini.org\/en\/?s={search_term_string}"},"query-input":{"@type":"PropertyValueSpecification","valueRequired":true,"valueName":"search_term_string"}}],"inLanguage":"en-US"},{"@type":"Organization","@id":"https:\/\/www.meetingrimini.org\/en\/#organization","name":"Fondazione Meeting di Rimini","url":"https:\/\/www.meetingrimini.org\/en\/","logo":{"@type":"ImageObject","inLanguage":"en-US","@id":"https:\/\/www.meetingrimini.org\/en\/#\/schema\/logo\/image\/","url":"https:\/\/www.meetingrimini.org\/wp-content\/uploads\/2018\/10\/logo_originale.png","contentUrl":"https:\/\/www.meetingrimini.org\/wp-content\/uploads\/2018\/10\/logo_originale.png","width":600,"height":156,"caption":"Fondazione Meeting di Rimini"},"image":{"@id":"https:\/\/www.meetingrimini.org\/en\/#\/schema\/logo\/image\/"},"sameAs":["https:\/\/www.facebook.com\/meetingrimini","https:\/\/x.com\/MeetingRimini","https:\/\/www.instagram.com\/meetingrimini\/","https:\/\/www.linkedin.com\/company\/fondazione-meeting-per-l'amicizia-fra-i-popoli\/","https:\/\/www.youtube.com\/user\/meetingdirimini"]}]}},"langs":{"it":272525,"en":272525,"es":272525},"sottotitolo":null,"info_aggiuntive":"<p>Luigi Ballerini, autore del libro<br \/>\nOmbretta Sternini, rettore Fondazione Sacro Cuore di Cesena<br \/>\nMaddalena Brasioli, Associazione Spazio Stelle e Voce<\/p>\n","autore_libro":"Luigi Ballerini","editore_libro":"Edizioni Il Castoro","link_acquista_libro":"https:\/\/editriceilcastoro.it\/libri\/alla-seconda-umanita\/","cover_align":null,"start_date":null,"end_date":null,"_links":{"self":[{"href":"https:\/\/www.meetingrimini.org\/en\/wp-json\/wp\/v2\/book-corner\/272525","targetHints":{"allow":["GET"]}}],"collection":[{"href":"https:\/\/www.meetingrimini.org\/en\/wp-json\/wp\/v2\/book-corner"}],"about":[{"href":"https:\/\/www.meetingrimini.org\/en\/wp-json\/wp\/v2\/types\/book"}],"wp:featuredmedia":[{"embeddable":true,"href":"https:\/\/www.meetingrimini.org\/en\/wp-json\/wp\/v2\/media\/225999"}],"wp:attachment":[{"href":"https:\/\/www.meetingrimini.org\/en\/wp-json\/wp\/v2\/media?parent=272525"}],"wp:term":[{"taxonomy":"mec_label","embeddable":true,"href":"https:\/\/www.meetingrimini.org\/en\/wp-json\/wp\/v2\/mec_label?post=272525"}],"curies":[{"name":"wp","href":"https:\/\/api.w.org\/{rel}","templated":true}]}}

Alla seconda umanità

<p>Che succederebbe se l’Intelligenza Artificiale potesse avere il nostro corpo? Noi siamo il corpo o la mente? Siamo le sensazioni, le emozioni o i ricordi? Delta, Beta e Kappa sono cresciuti nel Campus e ora sono alla vigilia di un momento importante: la cerimonia di Potenziamento, che esalterà al massimo tutte le loro facoltà. Dopo, potranno finalmente entrare nella Città, pronti per essere veri leader. L’emozione è grande, eppure Delta è inquieto: quante cose gli sono state taciute lungo il percorso? Cosa nascondono i Fratelli Maggiori che li hanno educati? Per la prima volta, la sua fiducia nel mondo che ha sempre conosciuto vacilla. Anche nella Città qualcuno non dorme sonni tranquilli. Leonardo si è svegliato in un corpo perfetto: giovane, forte, bello. Ma si riconosce? È davvero lui? In un mondo dominato dall’intelligenza artificiale, una verità terribile si cela sotto il velo della perfezione. Delta, Leonardo e gli altri ragazzi saranno i primi a sollevarlo, e a scoprire i segreti che legano il corpo alla mente. Ma di quanto cuore avranno bisogno per ribellarsi e squarciare quel velo una volta per tutte?</p>

<!-- This site is optimized with the Yoast SEO plugin v28.2 - https://yoast.com/product/yoast-seo-wordpress/ -->
<title>Alla seconda umanità - Meeting di Rimini</title>
<meta name="robots" content="index, follow, max-snippet:-1, max-image-preview:large, max-video-preview:-1" />
<link rel="canonical" href="https://www.meetingrimini.org/en/book/alla-seconda-umanita/" />
<meta property="og:locale" content="en_US" />
<meta property="og:type" content="article" />
<meta property="og:title" content="Alla seconda umanità - Meeting di Rimini" />
<meta property="og:description" content="Che succederebbe se l’Intelligenza Artificiale potesse avere il nostro corpo? Noi siamo il corpo o la mente? Siamo le sensazioni, le emozioni o i ricordi? Delta, Beta e Kappa sono ... Read More" />
<meta property="og:url" content="https://www.meetingrimini.org/en/book/alla-seconda-umanita/" />
<meta property="og:site_name" content="Meeting di Rimini" />
<meta property="article:publisher" content="https://www.facebook.com/meetingrimini" />
<meta property="og:image" content="https://www.meetingrimini.org/wp-content/uploads/2022/06/alla-seconda.jpeg" />
	<meta property="og:image:width" content="768" />
	<meta property="og:image:height" content="1187" />
	<meta property="og:image:type" content="image/jpeg" />
<meta name="twitter:card" content="summary_large_image" />
<meta name="twitter:site" content="@MeetingRimini" />
<meta name="twitter:label1" content="Est. reading time" />
	<meta name="twitter:data1" content="1 minute" />
<script type="application/ld+json" class="yoast-schema-graph">{"@context":"https:\/\/schema.org","@graph":[{"@type":"WebPage","@id":"https:\/\/www.meetingrimini.org\/en\/book\/alla-seconda-umanita\/","url":"https:\/\/www.meetingrimini.org\/en\/book\/alla-seconda-umanita\/","name":"Alla seconda umanità - Meeting di Rimini","isPartOf":{"@id":"https:\/\/www.meetingrimini.org\/en\/#website"},"primaryImageOfPage":{"@id":"https:\/\/www.meetingrimini.org\/en\/book\/alla-seconda-umanita\/#primaryimage"},"image":{"@id":"https:\/\/www.meetingrimini.org\/en\/book\/alla-seconda-umanita\/#primaryimage"},"thumbnailUrl":"https:\/\/www.meetingrimini.org\/wp-content\/uploads\/2022\/06\/alla-seconda.jpeg","datePublished":"2025-01-10T14:32:43+00:00","breadcrumb":{"@id":"https:\/\/www.meetingrimini.org\/en\/book\/alla-seconda-umanita\/#breadcrumb"},"inLanguage":"en-US","potentialAction":[{"@type":"ReadAction","target":["https:\/\/www.meetingrimini.org\/en\/book\/alla-seconda-umanita\/"]}]},{"@type":"ImageObject","inLanguage":"en-US","@id":"https:\/\/www.meetingrimini.org\/en\/book\/alla-seconda-umanita\/#primaryimage","url":"https:\/\/www.meetingrimini.org\/wp-content\/uploads\/2022\/06\/alla-seconda.jpeg","contentUrl":"https:\/\/www.meetingrimini.org\/wp-content\/uploads\/2022\/06\/alla-seconda.jpeg","width":768,"height":1187},{"@type":"BreadcrumbList","@id":"https:\/\/www.meetingrimini.org\/en\/book\/alla-seconda-umanita\/#breadcrumb","itemListElement":[{"@type":"ListItem","position":1,"name":"Home","item":"https:\/\/www.meetingrimini.org\/en\/"},{"@type":"ListItem","position":2,"name":"Book Corner","item":"https:\/\/www.meetingrimini.org\/en\/book-corner\/"},{"@type":"ListItem","position":3,"name":"Alla seconda umanità"}]},{"@type":"WebSite","@id":"https:\/\/www.meetingrimini.org\/en\/#website","url":"https:\/\/www.meetingrimini.org\/en\/","name":"Meeting di Rimini","description":"Meeting per l&#039;Amicizia fra i Popoli","publisher":{"@id":"https:\/\/www.meetingrimini.org\/en\/#organization"},"potentialAction":[{"@type":"SearchAction","target":{"@type":"EntryPoint","urlTemplate":"https:\/\/www.meetingrimini.org\/en\/?s={search_term_string}"},"query-input":{"@type":"PropertyValueSpecification","valueRequired":true,"valueName":"search_term_string"}}],"inLanguage":"en-US"},{"@type":"Organization","@id":"https:\/\/www.meetingrimini.org\/en\/#organization","name":"Fondazione Meeting di Rimini","url":"https:\/\/www.meetingrimini.org\/en\/","logo":{"@type":"ImageObject","inLanguage":"en-US","@id":"https:\/\/www.meetingrimini.org\/en\/#\/schema\/logo\/image\/","url":"https:\/\/www.meetingrimini.org\/wp-content\/uploads\/2018\/10\/logo_originale.png","contentUrl":"https:\/\/www.meetingrimini.org\/wp-content\/uploads\/2018\/10\/logo_originale.png","width":600,"height":156,"caption":"Fondazione Meeting di Rimini"},"image":{"@id":"https:\/\/www.meetingrimini.org\/en\/#\/schema\/logo\/image\/"},"sameAs":["https:\/\/www.facebook.com\/meetingrimini","https:\/\/x.com\/MeetingRimini","https:\/\/www.instagram.com\/meetingrimini\/","https:\/\/www.linkedin.com\/company\/fondazione-meeting-per-l'amicizia-fra-i-popoli\/","https:\/\/www.youtube.com\/user\/meetingdirimini"]}]}</script>
<!-- / Yoast SEO plugin. -->

Alla seconda umanità - Meeting di Rimini
