{"id":250341,"date":"2024-07-05T10:25:28","date_gmt":"2024-07-05T08:25:28","guid":{"rendered":"https:\/\/www.meetingrimini.org\/?post_type=book&#038;p=250341"},"modified":"2024-07-18T16:47:42","modified_gmt":"2024-07-18T14:47:42","slug":"e-adesso-parlo-io","status":"publish","type":"book","link":"https:\/\/www.spreaker.com\/episode\/56527758","title":{"rendered":"E adesso parlo io"},"content":{"rendered":"<p>Dopo quattordici anni di silenzio in \u00abstato vegetativo\u00bb, Alessandro Pivetta si racconta attraverso la voce di Fabio Cavallari, amico di famiglia, scrittore attento e vicino alla disabilit\u00e0, alla condizione dei malati terminali e a quanti combattono ogni giorno al loro fianco la battaglia per una vita degna e piena. \u00abMi chiamo Ale. All\u2019anagrafe Alessandro Pivetta. Abito a Pordenone. Ho trentaquattro anni. Non parlo dalla mattina del 15 agosto 2005. Lo so, \u00e8 un silenzio prolungato, ma non si tratta di mutismo selettivo e non ho neppure un problema alle corde vocali. \u00c8 una grana un pochino pi\u00f9 complessa. Diciamo di difficile soluzione. \u00c8 vero non cammino neppure. Non muovo le braccia. Non rido? Beh, questo lo lascio dire a voi. Io ho riso molto in questi anni. Non ve ne siete accorti? Sinceramente \u00e8 un problema vostro.\u00bb  Comincia cos\u00ec il monologo di Alessandro. La sua vita \u00e8 la sua malattia. Ogni pensiero, ogni sentimento, ogni relazione muove da l\u00ec e da l\u00ec prova ad andare oltre, a volte riuscendoci, a volte no, in compagnia dell\u2019esistenza di prima \u2013 i ricordi, le amicizie, i sentimenti, i progetti \u2013 e dei mille problemi legati alla sua condizione. Ironico, lucido e poco accomodante, il linguaggio di questo libro si sposa con l\u2019et\u00e0 di un ragazzo che ha vissuto troppo poco per accontentarsi di giudizi preconfezionati o di consolazioni superficiali. Le sue parole a favore della vita offrono la possibilit\u00e0 che il dubbio lieviti in noi e che la domanda sull\u2019umano rimanga imprescindibile. Alessandro non c\u2019\u00e8 pi\u00f9, \u00e8 morto il 21 gennaio 2020, ma la sua voce \u00abcanta\u00bb libera nella babele della modernit\u00e0 conformista: \u00abIo metto in dubbio le vostre certezze, scavo buchi nelle vostre fragilit\u00e0, vi pongo spalle al muro da sdraiato\u00bb.<\/p>\n","protected":false},"featured_media":238947,"template":"","meta":{"_acf_changed":false,"rs_blank_template":"","rs_page_bg_color":"","slide_template_v7":""},"mec_label":[18319],"class_list":["post-250341","book","type-book","status-publish","has-post-thumbnail","hentry","edizione-book-18482"],"acf":[],"yoast_head":"<!-- This site is optimized with the Yoast SEO plugin v28.2 - https:\/\/yoast.com\/product\/yoast-seo-wordpress\/ -->\n<title>E adesso parlo io - Meeting di Rimini<\/title>\n<meta name=\"robots\" content=\"index, follow, max-snippet:-1, max-image-preview:large, max-video-preview:-1\" \/>\n<link rel=\"canonical\" href=\"https:\/\/www.meetingrimini.org\/en\/book\/e-adesso-parlo-io\/\" \/>\n<meta property=\"og:locale\" content=\"en_US\" \/>\n<meta property=\"og:type\" content=\"article\" \/>\n<meta property=\"og:title\" content=\"E adesso parlo io - Meeting di Rimini\" \/>\n<meta property=\"og:description\" content=\"Dopo quattordici anni di silenzio in \u00abstato vegetativo\u00bb, Alessandro Pivetta si racconta attraverso la voce di Fabio Cavallari, amico di famiglia, scrittore attento e vicino alla disabilit\u00e0, alla condizione dei ... Read More\" \/>\n<meta property=\"og:url\" content=\"https:\/\/www.meetingrimini.org\/en\/book\/e-adesso-parlo-io\/\" \/>\n<meta property=\"og:site_name\" content=\"Meeting di Rimini\" \/>\n<meta property=\"article:publisher\" content=\"https:\/\/www.facebook.com\/meetingrimini\" \/>\n<meta property=\"article:modified_time\" content=\"2024-07-18T14:47:42+00:00\" \/>\n<meta property=\"og:image\" content=\"https:\/\/www.meetingrimini.org\/wp-content\/uploads\/2023\/07\/E-adesso-parlo-io_.jpeg\" \/>\n\t<meta property=\"og:image:width\" content=\"293\" \/>\n\t<meta property=\"og:image:height\" content=\"440\" \/>\n\t<meta property=\"og:image:type\" content=\"image\/jpeg\" \/>\n<meta name=\"twitter:card\" content=\"summary_large_image\" \/>\n<meta name=\"twitter:site\" content=\"@MeetingRimini\" \/>\n<meta name=\"twitter:label1\" content=\"Est. reading time\" \/>\n\t<meta name=\"twitter:data1\" content=\"1 minute\" \/>\n<script type=\"application\/ld+json\" class=\"yoast-schema-graph\">{\"@context\":\"https:\\\/\\\/schema.org\",\"@graph\":[{\"@type\":\"WebPage\",\"@id\":\"https:\\\/\\\/www.meetingrimini.org\\\/en\\\/book\\\/e-adesso-parlo-io\\\/\",\"url\":\"https:\\\/\\\/www.meetingrimini.org\\\/en\\\/book\\\/e-adesso-parlo-io\\\/\",\"name\":\"E adesso parlo io - Meeting di Rimini\",\"isPartOf\":{\"@id\":\"https:\\\/\\\/www.meetingrimini.org\\\/en\\\/#website\"},\"primaryImageOfPage\":{\"@id\":\"https:\\\/\\\/www.meetingrimini.org\\\/en\\\/book\\\/e-adesso-parlo-io\\\/#primaryimage\"},\"image\":{\"@id\":\"https:\\\/\\\/www.meetingrimini.org\\\/en\\\/book\\\/e-adesso-parlo-io\\\/#primaryimage\"},\"thumbnailUrl\":\"https:\\\/\\\/www.meetingrimini.org\\\/wp-content\\\/uploads\\\/2023\\\/07\\\/E-adesso-parlo-io_.jpeg\",\"datePublished\":\"2024-07-05T08:25:28+00:00\",\"dateModified\":\"2024-07-18T14:47:42+00:00\",\"breadcrumb\":{\"@id\":\"https:\\\/\\\/www.meetingrimini.org\\\/en\\\/book\\\/e-adesso-parlo-io\\\/#breadcrumb\"},\"inLanguage\":\"en-US\",\"potentialAction\":[{\"@type\":\"ReadAction\",\"target\":[\"https:\\\/\\\/www.meetingrimini.org\\\/en\\\/book\\\/e-adesso-parlo-io\\\/\"]}]},{\"@type\":\"ImageObject\",\"inLanguage\":\"en-US\",\"@id\":\"https:\\\/\\\/www.meetingrimini.org\\\/en\\\/book\\\/e-adesso-parlo-io\\\/#primaryimage\",\"url\":\"https:\\\/\\\/www.meetingrimini.org\\\/wp-content\\\/uploads\\\/2023\\\/07\\\/E-adesso-parlo-io_.jpeg\",\"contentUrl\":\"https:\\\/\\\/www.meetingrimini.org\\\/wp-content\\\/uploads\\\/2023\\\/07\\\/E-adesso-parlo-io_.jpeg\",\"width\":293,\"height\":440},{\"@type\":\"BreadcrumbList\",\"@id\":\"https:\\\/\\\/www.meetingrimini.org\\\/en\\\/book\\\/e-adesso-parlo-io\\\/#breadcrumb\",\"itemListElement\":[{\"@type\":\"ListItem\",\"position\":1,\"name\":\"Home\",\"item\":\"https:\\\/\\\/www.meetingrimini.org\\\/en\\\/\"},{\"@type\":\"ListItem\",\"position\":2,\"name\":\"Book Corner\",\"item\":\"https:\\\/\\\/www.meetingrimini.org\\\/en\\\/book-corner\\\/\"},{\"@type\":\"ListItem\",\"position\":3,\"name\":\"E adesso parlo io\"}]},{\"@type\":\"WebSite\",\"@id\":\"https:\\\/\\\/www.meetingrimini.org\\\/en\\\/#website\",\"url\":\"https:\\\/\\\/www.meetingrimini.org\\\/en\\\/\",\"name\":\"Meeting di Rimini\",\"description\":\"Meeting per l&#039;Amicizia fra i Popoli\",\"publisher\":{\"@id\":\"https:\\\/\\\/www.meetingrimini.org\\\/en\\\/#organization\"},\"potentialAction\":[{\"@type\":\"SearchAction\",\"target\":{\"@type\":\"EntryPoint\",\"urlTemplate\":\"https:\\\/\\\/www.meetingrimini.org\\\/en\\\/?s={search_term_string}\"},\"query-input\":{\"@type\":\"PropertyValueSpecification\",\"valueRequired\":true,\"valueName\":\"search_term_string\"}}],\"inLanguage\":\"en-US\"},{\"@type\":\"Organization\",\"@id\":\"https:\\\/\\\/www.meetingrimini.org\\\/en\\\/#organization\",\"name\":\"Fondazione Meeting di Rimini\",\"url\":\"https:\\\/\\\/www.meetingrimini.org\\\/en\\\/\",\"logo\":{\"@type\":\"ImageObject\",\"inLanguage\":\"en-US\",\"@id\":\"https:\\\/\\\/www.meetingrimini.org\\\/en\\\/#\\\/schema\\\/logo\\\/image\\\/\",\"url\":\"https:\\\/\\\/www.meetingrimini.org\\\/wp-content\\\/uploads\\\/2018\\\/10\\\/logo_originale.png\",\"contentUrl\":\"https:\\\/\\\/www.meetingrimini.org\\\/wp-content\\\/uploads\\\/2018\\\/10\\\/logo_originale.png\",\"width\":600,\"height\":156,\"caption\":\"Fondazione Meeting di Rimini\"},\"image\":{\"@id\":\"https:\\\/\\\/www.meetingrimini.org\\\/en\\\/#\\\/schema\\\/logo\\\/image\\\/\"},\"sameAs\":[\"https:\\\/\\\/www.facebook.com\\\/meetingrimini\",\"https:\\\/\\\/x.com\\\/MeetingRimini\",\"https:\\\/\\\/www.instagram.com\\\/meetingrimini\\\/\",\"https:\\\/\\\/www.linkedin.com\\\/company\\\/fondazione-meeting-per-l'amicizia-fra-i-popoli\\\/\",\"https:\\\/\\\/www.youtube.com\\\/user\\\/meetingdirimini\"]}]}<\/script>\n<!-- \/ Yoast SEO plugin. -->","yoast_head_json":{"title":"E adesso parlo io - Meeting di Rimini","robots":{"index":"index","follow":"follow","max-snippet":"max-snippet:-1","max-image-preview":"max-image-preview:large","max-video-preview":"max-video-preview:-1"},"canonical":"https:\/\/www.meetingrimini.org\/en\/book\/e-adesso-parlo-io\/","og_locale":"en_US","og_type":"article","og_title":"E adesso parlo io - Meeting di Rimini","og_description":"Dopo quattordici anni di silenzio in \u00abstato vegetativo\u00bb, Alessandro Pivetta si racconta attraverso la voce di Fabio Cavallari, amico di famiglia, scrittore attento e vicino alla disabilit\u00e0, alla condizione dei ... Read More","og_url":"https:\/\/www.meetingrimini.org\/en\/book\/e-adesso-parlo-io\/","og_site_name":"Meeting di Rimini","article_publisher":"https:\/\/www.facebook.com\/meetingrimini","article_modified_time":"2024-07-18T14:47:42+00:00","og_image":[{"width":293,"height":440,"url":"https:\/\/www.meetingrimini.org\/wp-content\/uploads\/2023\/07\/E-adesso-parlo-io_.jpeg","type":"image\/jpeg"}],"twitter_card":"summary_large_image","twitter_site":"@MeetingRimini","twitter_misc":{"Est. reading time":"1 minute"},"schema":{"@context":"https:\/\/schema.org","@graph":[{"@type":"WebPage","@id":"https:\/\/www.meetingrimini.org\/en\/book\/e-adesso-parlo-io\/","url":"https:\/\/www.meetingrimini.org\/en\/book\/e-adesso-parlo-io\/","name":"E adesso parlo io - Meeting di Rimini","isPartOf":{"@id":"https:\/\/www.meetingrimini.org\/en\/#website"},"primaryImageOfPage":{"@id":"https:\/\/www.meetingrimini.org\/en\/book\/e-adesso-parlo-io\/#primaryimage"},"image":{"@id":"https:\/\/www.meetingrimini.org\/en\/book\/e-adesso-parlo-io\/#primaryimage"},"thumbnailUrl":"https:\/\/www.meetingrimini.org\/wp-content\/uploads\/2023\/07\/E-adesso-parlo-io_.jpeg","datePublished":"2024-07-05T08:25:28+00:00","dateModified":"2024-07-18T14:47:42+00:00","breadcrumb":{"@id":"https:\/\/www.meetingrimini.org\/en\/book\/e-adesso-parlo-io\/#breadcrumb"},"inLanguage":"en-US","potentialAction":[{"@type":"ReadAction","target":["https:\/\/www.meetingrimini.org\/en\/book\/e-adesso-parlo-io\/"]}]},{"@type":"ImageObject","inLanguage":"en-US","@id":"https:\/\/www.meetingrimini.org\/en\/book\/e-adesso-parlo-io\/#primaryimage","url":"https:\/\/www.meetingrimini.org\/wp-content\/uploads\/2023\/07\/E-adesso-parlo-io_.jpeg","contentUrl":"https:\/\/www.meetingrimini.org\/wp-content\/uploads\/2023\/07\/E-adesso-parlo-io_.jpeg","width":293,"height":440},{"@type":"BreadcrumbList","@id":"https:\/\/www.meetingrimini.org\/en\/book\/e-adesso-parlo-io\/#breadcrumb","itemListElement":[{"@type":"ListItem","position":1,"name":"Home","item":"https:\/\/www.meetingrimini.org\/en\/"},{"@type":"ListItem","position":2,"name":"Book Corner","item":"https:\/\/www.meetingrimini.org\/en\/book-corner\/"},{"@type":"ListItem","position":3,"name":"E adesso parlo io"}]},{"@type":"WebSite","@id":"https:\/\/www.meetingrimini.org\/en\/#website","url":"https:\/\/www.meetingrimini.org\/en\/","name":"Meeting di Rimini","description":"Meeting per l&#039;Amicizia fra i Popoli","publisher":{"@id":"https:\/\/www.meetingrimini.org\/en\/#organization"},"potentialAction":[{"@type":"SearchAction","target":{"@type":"EntryPoint","urlTemplate":"https:\/\/www.meetingrimini.org\/en\/?s={search_term_string}"},"query-input":{"@type":"PropertyValueSpecification","valueRequired":true,"valueName":"search_term_string"}}],"inLanguage":"en-US"},{"@type":"Organization","@id":"https:\/\/www.meetingrimini.org\/en\/#organization","name":"Fondazione Meeting di Rimini","url":"https:\/\/www.meetingrimini.org\/en\/","logo":{"@type":"ImageObject","inLanguage":"en-US","@id":"https:\/\/www.meetingrimini.org\/en\/#\/schema\/logo\/image\/","url":"https:\/\/www.meetingrimini.org\/wp-content\/uploads\/2018\/10\/logo_originale.png","contentUrl":"https:\/\/www.meetingrimini.org\/wp-content\/uploads\/2018\/10\/logo_originale.png","width":600,"height":156,"caption":"Fondazione Meeting di Rimini"},"image":{"@id":"https:\/\/www.meetingrimini.org\/en\/#\/schema\/logo\/image\/"},"sameAs":["https:\/\/www.facebook.com\/meetingrimini","https:\/\/x.com\/MeetingRimini","https:\/\/www.instagram.com\/meetingrimini\/","https:\/\/www.linkedin.com\/company\/fondazione-meeting-per-l'amicizia-fra-i-popoli\/","https:\/\/www.youtube.com\/user\/meetingdirimini"]}]}},"langs":{"it":250341,"en":250341,"es":250341},"sottotitolo":null,"info_aggiuntive":"<p>Fabio Cavallari, Autore<br \/>\nNicola Sabatini, Centro Culturale di Varese<\/p>\n","autore_libro":"Fabio Cavallari","editore_libro":"Lindau","link_acquista_libro":"https:\/\/www.lindau.it\/Libri\/E-adesso-parlo-io","cover_align":null,"start_date":null,"end_date":null,"_links":{"self":[{"href":"https:\/\/www.meetingrimini.org\/en\/wp-json\/wp\/v2\/book-corner\/250341","targetHints":{"allow":["GET"]}}],"collection":[{"href":"https:\/\/www.meetingrimini.org\/en\/wp-json\/wp\/v2\/book-corner"}],"about":[{"href":"https:\/\/www.meetingrimini.org\/en\/wp-json\/wp\/v2\/types\/book"}],"wp:featuredmedia":[{"embeddable":true,"href":"https:\/\/www.meetingrimini.org\/en\/wp-json\/wp\/v2\/media\/238947"}],"wp:attachment":[{"href":"https:\/\/www.meetingrimini.org\/en\/wp-json\/wp\/v2\/media?parent=250341"}],"wp:term":[{"taxonomy":"mec_label","embeddable":true,"href":"https:\/\/www.meetingrimini.org\/en\/wp-json\/wp\/v2\/mec_label?post=250341"}],"curies":[{"name":"wp","href":"https:\/\/api.w.org\/{rel}","templated":true}]}}

<p>Dopo quattordici anni di silenzio in «stato vegetativo», Alessandro Pivetta si racconta attraverso la voce di Fabio Cavallari, amico di famiglia, scrittore attento e vicino alla disabilità, alla condizione dei malati terminali e a quanti combattono ogni giorno al loro fianco la battaglia per una vita degna e piena. «Mi chiamo Ale. All’anagrafe Alessandro Pivetta. Abito a Pordenone. Ho trentaquattro anni. Non parlo dalla mattina del 15 agosto 2005. Lo so, è un silenzio prolungato, ma non si tratta di mutismo selettivo e non ho neppure un problema alle corde vocali. È una grana un pochino più complessa. Diciamo di difficile soluzione. È vero non cammino neppure. Non muovo le braccia. Non rido? Beh, questo lo lascio dire a voi. Io ho riso molto in questi anni. Non ve ne siete accorti? Sinceramente è un problema vostro.»  Comincia così il monologo di Alessandro. La sua vita è la sua malattia. Ogni pensiero, ogni sentimento, ogni relazione muove da lì e da lì prova ad andare oltre, a volte riuscendoci, a volte no, in compagnia dell’esistenza di prima – i ricordi, le amicizie, i sentimenti, i progetti – e dei mille problemi legati alla sua condizione. Ironico, lucido e poco accomodante, il linguaggio di questo libro si sposa con l’età di un ragazzo che ha vissuto troppo poco per accontentarsi di giudizi preconfezionati o di consolazioni superficiali. Le sue parole a favore della vita offrono la possibilità che il dubbio lieviti in noi e che la domanda sull’umano rimanga imprescindibile. Alessandro non c’è più, è morto il 21 gennaio 2020, ma la sua voce «canta» libera nella babele della modernità conformista: «Io metto in dubbio le vostre certezze, scavo buchi nelle vostre fragilità, vi pongo spalle al muro da sdraiato».</p>

<!-- This site is optimized with the Yoast SEO plugin v28.2 - https://yoast.com/product/yoast-seo-wordpress/ -->
<title>E adesso parlo io - Meeting di Rimini</title>
<meta name="robots" content="index, follow, max-snippet:-1, max-image-preview:large, max-video-preview:-1" />
<link rel="canonical" href="https://www.meetingrimini.org/en/book/e-adesso-parlo-io/" />
<meta property="og:locale" content="en_US" />
<meta property="og:type" content="article" />
<meta property="og:title" content="E adesso parlo io - Meeting di Rimini" />
<meta property="og:description" content="Dopo quattordici anni di silenzio in «stato vegetativo», Alessandro Pivetta si racconta attraverso la voce di Fabio Cavallari, amico di famiglia, scrittore attento e vicino alla disabilità, alla condizione dei ... Read More" />
<meta property="og:url" content="https://www.meetingrimini.org/en/book/e-adesso-parlo-io/" />
<meta property="og:site_name" content="Meeting di Rimini" />
<meta property="article:publisher" content="https://www.facebook.com/meetingrimini" />
<meta property="article:modified_time" content="2024-07-18T14:47:42+00:00" />
<meta property="og:image" content="https://www.meetingrimini.org/wp-content/uploads/2023/07/E-adesso-parlo-io_.jpeg" />
	<meta property="og:image:width" content="293" />
	<meta property="og:image:height" content="440" />
	<meta property="og:image:type" content="image/jpeg" />
<meta name="twitter:card" content="summary_large_image" />
<meta name="twitter:site" content="@MeetingRimini" />
<meta name="twitter:label1" content="Est. reading time" />
	<meta name="twitter:data1" content="1 minute" />
<script type="application/ld+json" class="yoast-schema-graph">{"@context":"https:\/\/schema.org","@graph":[{"@type":"WebPage","@id":"https:\/\/www.meetingrimini.org\/en\/book\/e-adesso-parlo-io\/","url":"https:\/\/www.meetingrimini.org\/en\/book\/e-adesso-parlo-io\/","name":"E adesso parlo io - Meeting di Rimini","isPartOf":{"@id":"https:\/\/www.meetingrimini.org\/en\/#website"},"primaryImageOfPage":{"@id":"https:\/\/www.meetingrimini.org\/en\/book\/e-adesso-parlo-io\/#primaryimage"},"image":{"@id":"https:\/\/www.meetingrimini.org\/en\/book\/e-adesso-parlo-io\/#primaryimage"},"thumbnailUrl":"https:\/\/www.meetingrimini.org\/wp-content\/uploads\/2023\/07\/E-adesso-parlo-io_.jpeg","datePublished":"2024-07-05T08:25:28+00:00","dateModified":"2024-07-18T14:47:42+00:00","breadcrumb":{"@id":"https:\/\/www.meetingrimini.org\/en\/book\/e-adesso-parlo-io\/#breadcrumb"},"inLanguage":"en-US","potentialAction":[{"@type":"ReadAction","target":["https:\/\/www.meetingrimini.org\/en\/book\/e-adesso-parlo-io\/"]}]},{"@type":"ImageObject","inLanguage":"en-US","@id":"https:\/\/www.meetingrimini.org\/en\/book\/e-adesso-parlo-io\/#primaryimage","url":"https:\/\/www.meetingrimini.org\/wp-content\/uploads\/2023\/07\/E-adesso-parlo-io_.jpeg","contentUrl":"https:\/\/www.meetingrimini.org\/wp-content\/uploads\/2023\/07\/E-adesso-parlo-io_.jpeg","width":293,"height":440},{"@type":"BreadcrumbList","@id":"https:\/\/www.meetingrimini.org\/en\/book\/e-adesso-parlo-io\/#breadcrumb","itemListElement":[{"@type":"ListItem","position":1,"name":"Home","item":"https:\/\/www.meetingrimini.org\/en\/"},{"@type":"ListItem","position":2,"name":"Book Corner","item":"https:\/\/www.meetingrimini.org\/en\/book-corner\/"},{"@type":"ListItem","position":3,"name":"E adesso parlo io"}]},{"@type":"WebSite","@id":"https:\/\/www.meetingrimini.org\/en\/#website","url":"https:\/\/www.meetingrimini.org\/en\/","name":"Meeting di Rimini","description":"Meeting per l&#039;Amicizia fra i Popoli","publisher":{"@id":"https:\/\/www.meetingrimini.org\/en\/#organization"},"potentialAction":[{"@type":"SearchAction","target":{"@type":"EntryPoint","urlTemplate":"https:\/\/www.meetingrimini.org\/en\/?s={search_term_string}"},"query-input":{"@type":"PropertyValueSpecification","valueRequired":true,"valueName":"search_term_string"}}],"inLanguage":"en-US"},{"@type":"Organization","@id":"https:\/\/www.meetingrimini.org\/en\/#organization","name":"Fondazione Meeting di Rimini","url":"https:\/\/www.meetingrimini.org\/en\/","logo":{"@type":"ImageObject","inLanguage":"en-US","@id":"https:\/\/www.meetingrimini.org\/en\/#\/schema\/logo\/image\/","url":"https:\/\/www.meetingrimini.org\/wp-content\/uploads\/2018\/10\/logo_originale.png","contentUrl":"https:\/\/www.meetingrimini.org\/wp-content\/uploads\/2018\/10\/logo_originale.png","width":600,"height":156,"caption":"Fondazione Meeting di Rimini"},"image":{"@id":"https:\/\/www.meetingrimini.org\/en\/#\/schema\/logo\/image\/"},"sameAs":["https:\/\/www.facebook.com\/meetingrimini","https:\/\/x.com\/MeetingRimini","https:\/\/www.instagram.com\/meetingrimini\/","https:\/\/www.linkedin.com\/company\/fondazione-meeting-per-l'amicizia-fra-i-popoli\/","https:\/\/www.youtube.com\/user\/meetingdirimini"]}]}</script>
<!-- / Yoast SEO plugin. -->

Dopo quattordici anni di silenzio in «stato vegetativo», Alessandro Pivetta si racconta attraverso la voce di Fabio Cavallari, amico di famiglia, scrittore attento e vicino alla disabilità, alla condizione dei ... Read More
